2126 + (1 - 0) + 31.
28
70 - (-12 + 44 + -9 + -13)
60
What is the value of (2 - (5 - 7)) + (2 + -5 - -11)?
12
What is (-28 - 4) + (-116 - -107) - (1 + -16)?
-26
What is the value of (-1 - (2 + -10) - -34) + 14?
55
Calculate -5 + (1 + -9 + (-4 - 14) + 14 - -20).
3
Evaluate (2257 - 2320) + (20 - -4).
-39
Calculate (10 - (0 + 9 + -18) - -76) + -10.
85
Evaluate -53 - (-197 + 36 - -44).
64
Evaluate 85 + (-168 - -173 - (-3 - -16)) + -15.
62
Calculate (15 - (0 - -11)) + (1 + 0 + 1 - -52).
58
-52 + 22 - (-375 - -312)
33
What is the value of (3 - (70 - 58)) + 64?
55
What is the value of 10 - (-69 - -2 - (8 + -13 - 10))?
62
What is 3 - (-21 - (-25 - (-5 + 2 - 9)))?
11
-28 + (4 - -10 - 31) + -1
-46
What is (-5 - (0 + -2 - (12 - (5 + 17)))) + 12?
-1
Calculate (27 - (15 - (2 - -1))) + -1 + -82.
-68
Calculate -942 - -956 - (-10 + 1).
23
Calculate (-12 - 2) + (-6 - 2) + 6 - (-4 - 4).
-8
-2 + (-69 + 107 - 94)
-58
What is the value of (2 - -104) + 213 + (-143 - 49)?
127
What is the value of -54 + -70 + (144 - -18)?
38
What is the value of -35 + 51 + -36 + 29?
9
Evaluate -57 + 84 + -27 + (10 - 0).
10
What is (-2 + -17 - (-134 - -14)) + -20 - (-7 - 0)?
88
What is -124 - (48 + -92) - -37?
-43
What is (-59 - 0 - (132 - 132)) + 33?
-26
What is the value of -1340 + 1394 + 2 + -10 + -3 + -13?
30
Calculate (46 - 15) + 13 + 10 + -11.
43
64 + (2 - 32) + (-126 - -135)
43
What is the value of (642 - 667) + (1 - -46)?
22
Evaluate -2 + (67 - 13) + (-21 - (5 - 7)).
33
What is -10 + 16 + 24 + -19 - 53?
-42
-47 - (-55 + 65 + -56)
-1
What is (19 - 7) + 10 - (8 - -4)?
10
What is -43 + 66 + -77 - (15 - -4)?
-73
What is -3 - (57 + 23) - -43?
-40
-61 - (-13 + 9 + (14 - (4 - -20)))
-47
5 + -137 - -114 - (3 + 42 + 1)
-64
What is -52 + -12 + 8 + 4 + 2 + 0?
-50
Evaluate -47 + 22 + -18 + 40 + 121.
118
Evaluate 57 + 3 + 17 + -18 + -16.
43
Evaluate 5 - (5 + -2 + -35) - -8 - (11 - 20).
54
53 + -3 - ((-40 - -18 - -21) + 1)
50
Calculate -7 + -23 + (-2 - -13).
-19
Evaluate 57 + (12 - 1) + -35.
33
Evaluate 27 - (-3 - (45 - (5 + 34))).
36
-9 - ((83 - 109) + 14 + 0 + -3 + 22)
-16
15 + 4 - 17 - 10 - 15
-23
What is the value of 8 - (71 - 26) - -65?
28
Evaluate -10 + 8 - (33 - -27 - -13).
-75
Evaluate (-25 + 61 - 47) + (1 - 0) + 43 + 0.
33
What is the value of (8 - 27) + 23 - 14 - -21?
11
What is the value of 15 + -40 + 11 + -38 + -1 + 0?
-53
Calculate -73 - -16 - ((-3 - (10 + -14)) + 9).
-67
What is 9282 - 9242 - (-1 - -3 - (-6 - (-1 - -2)))?
31
What is the value of -24 - (28 + -9 - -16)?
-59
What is -40 + -3 + (6 - -3) + -8 + -12?
-54
What is the value of 0 + (-13 - -8) + 4 + 16 + -3?
12
What is -11 + (27 - 4) + -6 + -1 - -29?
34
Evaluate -3 + -16 - (-34 - -23 - -44).
-52
Calculate -7 + -1 - ((39 - (-2 - -43)) + -1 + 7).
-12
59 + (-24 + 33 - (3 - 2 - 3 - 1))
71
56 + -16 + 3 - (33 - 49)
59
Calculate 13 + (36 - 43) - 62 - -4.
-52
Calculate -1 - (-1 + -31 - (-17 + 37 - 32)).
19
What is 46 - (-17 + 89 + -44)?
18
What is (357 - 302) + -51 + 8?
12
-10 + -7 + 13 - ((5 - 0) + 9)
-18
What is the value of 32 + -21 - 21 - (5 + 11)?
-26
1 - -51 - (114 + 22 + -124)
40
Evaluate -46 + (-90 - -73) + 4 + 25.
-34
-13 + (133 - (-87 + 155))
52
Calculate -94 + 23 + 6 + (-6 - (0 - 8) - -5).
-58
What is 7 - (-14 + 3 - (-1 - (13 + -1)))?
5
16 + 27 + (60 - 55)
48
What is the value of 5 - 13 - ((-8 - (-4 + (3 - -3))) + -51)?
53
-43 + -38 + -56 + 268
131
Calculate -34 - (-32 + 14 + -7) - (0 + 11).
-20
Calculate -14 + -32 + 41 + 13.
8
((24 - 12) + -12 - -1) + 0 + -11
-10
Evaluate -26 + (71 + -38 - -9).
16
Evaluate 24 - 7 - (9 - -44).
-36
Evaluate 37 + -50 + 20 - 12 - (-31 - 0).
26
Calculate 3 + -4 - (-59 - (-9 - (18 - 20))).
51
What is the value of (11 - (30 + (-11 - -4) + -5)) + 14?
7
Calculate -7 + (-10 - -3 - 14) + -15.
-43
Evaluate -20 - (-26 + 20 + 47 - 36).
-25
Evaluate -42 + 29 + (-110 - -19).
-104
What is the value of 21 + 1 - (-45 - (12 + -30) - -130)?
-81
Calculate 2 - 0 - -1 - (-12 + -50 + 10).
55
What is the value of -18 + -2 + 1 + (-40705 - -40741)?
17
What is 18 + -59 + 35 + 7?
1
Evaluate (-9 - 0) + (695 + -717 - (-1 - 72)).
42
What is the value of (-7 - -7) + -19 + -338 + 368 + (0 - 83)?
-72
18 + -12 - (-13 + 0 + 152 + -156)
23
Evaluate (-6 - (33 + -16 + -2 - 23)) + 38.
40
(0 - (14 + -13 + 5 - -1)) + 15
8
1 - 20 - ((36 - 74) + 34)
-15
Evaluate -26 - (-29 + (-23 - 13) + 34).
5
Calculate (15 - 15) + (5 - (-4 + 3)) + -40 + 9.
-25
Evaluate -200 - -104 - (-59 + 1).
-38
What is the value of (-1 - -85) + (7881 - 7921)?
44
Calculate 32 - (3 + -4 + -11 - -11).
33
1 + -1 + -13 + -37 + -17 + (-7 - 21)
-95
What is the value of (1 - (-10 + -1)) + 19 + -179 + 112?
-36
What is the value of 31 - 37 - (5 + -44 - 4 - -5)?
32
Evaluate ((4 - 34) + 88 - 10) + -14 + 3.
37
Evaluate 69 - (7 + -5) - (-227 + 227).
67
What is the value of 1 - (-203 + 25 - -99)?
80
Evaluate -9 + 6 + 85 + 6 + (-2 - (23 - 10)).
73
What is the value of 84 + -97 + 10 - 67?
-70
Evaluate 7381 - 7310 - (36 + -1).
36
Calculate 16 - (4 - (-19 + -7)) - 6 - -66.
46
Calculate 17 - (28 + 18 + 4 + (20 - 6)).
-47
Evaluate 17 - (22 + 1 - (22 + -12 + 5)).
9
What is the value of -18 + -1 + 1 + (12642 - 12590)?
34
Calculate (30 + -6 - 34) + (0 - -2).
-8
Evaluate (77 - 64) + -23 - 31 - (1 + -8).
-34
What is the value of 98 - 92 - (41 - (-2 - (4 + -2)))?
-39
What is the value of -16 + (-7 + -45 - -22 - -6)?
-40
What is ((17 - 13) + 15 - 19) + -97 + 6 + 0?
-91
Evaluate 15 + -3 + -46 + -5.
-39
What is the value of -6 + 0 - (21 - (34 - 31))?
-24
Calculate (-14 + 7 - -1) + (-6 - 12).
-24
What is 6 + (-28 - 23) + 8 + -109?
-146
What is 11 + (-15 + (-18 - -10) - 7)?
-19
Evaluate 20 - 20 - (1 + -22 + 36).
-15
Calculate 5 + (-24 - -23 - (1 + 1 + -5 + 43)).
-36
What is -5 + 37 + -22 - 10 - -8?
8
Calculate 24 + (-17 - (55 - 35)) + 19.
6
Calculate 7 + (-58 - -30) - (-35 - 0).
14
Evaluate -47 - (-6 + 10) - (-12 - (10 + -25)).
-54
What is the value of -3 - -1 - -43 - (-4 - 1) - (0 + 12)?
34
Evaluate (-12 - ((-7 - 6) + -6)) + (-22 - -15).
0
Evaluate -347 + 335 - (3 + -31).
16
What is 8 + 14 + 71 + -52?
41
What is the value of (43 + 14 - 48) + -7?
2
10 + 68 + -15 - (2 - 7 - 2)
70
13 + 2 + 18 + 12 + (-2 - -14)
57
What is 73 - 49 - 22 - (17 + -1) - 1?
-15
8 - 27 - (-694 - -708)
-33
Evaluate -122 + 137 - (28 + 3) - -14.
-2
What is the value of -1 + 41 + (28 + -18 + -30 - -31)?
51
What is the value of 46 + (37 - 5 - (16 - -10))?
52
1 + 2 + (46 + -92 - -30)
-13
Calculate (12 - 59) + 11 - (13 - 24).
-25
Evaluate 124 - (306 + (8 - 141)).
-49
Evaluate -14 + 8 - -20 - (205 - 114).
-77
Calculate (-13 - 2 - (48 + -114)) + (-13 - 0).
38
What is the value of (0 - ((1 - -15) + (96 - 95))) + (1 - 5)?
-21
Evaluate (-33 - -26 - -20 - 22) + -65.
-74
(-10 - 70) + (-3 - (-4 - (21 + -36)))
-94
What is (-2 + -7 - (-36 + -4 + 25)) + 11 + 1?
18
What is the value of 1 + -32 + 27 + -17 + 73 + -79?
-27
Calculate 14 + (-1 - (19 - (19 + -29 + 14))).
-2
What is 192 - (-219 - -427) - (0 + 31)?
-47
What is 9 - ((-13 + -1 - (20 - 7)) + 2)?
34
(-19 - -18 - -15) + -4 + 15 - -4
29
1 - -70 - (44 + -131 + 77)
81
What is the value of (-12 - -1) + (25 + -3 - 1) + -21?
-11
Calculate (13 - -1 - (-13 - -24)) + 11 + -62.
-48
Evaluate (16 - 5) + -21 + -7 + -24.
-41
What is (0 - 56) + 1263 + -1261?
-54
Calculate (-37 - -1) + (-31 - -106).
39
Calculate 0 + -1 + (3 - -2) + -358 + 383.
29
What is the value of 0 - -3 - (-13 - (-41 + 44)) - -13?
32
Calculate 96 - -1 - (13346 - 13289).
40
What is 17 + -100 + 84 + 44?
45
What is (-26 - (7 + -7)) + (53 - 35)?
-8
(-26 + 24 - 43) + 4
-41
Calculate 155 + -155 + (3 - -32 - (-4 - -2)).
37
-12 + (-7 + 4 + 2 + -7 - (-25 - -31))
-26
6 + 46 + -36 + (-22 - -4)
-2
Calculate (-19 - (-20 + -3)) + 22 + -25 - (2 - 32).
31
Calculate (0 - 3) + (4 - 0 - 15 - (-65 + 24)).
27
What is -15 + (7 - 10) + 8 + (116 - 131)?
-25
Evaluate -84 - -16 - -16 - (-17 - -12 - 12).
-35
What is 2 + (-1 - (26 - -3) - 1) + 393 + -402?
-38
Evaluate (-47 - (54 - 147)) + 14.
60
What is (81 - 28) + 29 + -114?
-32
What is the value of (-87 - (-53 - 14)) + 24?
4
(148 - 58) + -64 + -54
-28
What is -544 - -627 - (-8 + 74)?
17
What is (0 - 1 - (1 + 0)) + (-46 - (-215 - -109))?
58
(111 - 59) + 7 + -9 + -7
43
4410 + -4497 + 2 + -3 + 12
-76
What is 42 + 0 + -13 + (-438 - -456)?
47
What is the value of -10 + (-95 - -35) - -47?
-23
What is